e g*o - 5 = 4. Let j(h) = -h**3 + 4*h**2 - 3*h - 1. Determine j(o).
-1
Let s be 10 - ((-1)/(-7) - 143/(-77)). Suppose 3*n + k = 36, 0 = n + k - 3*k - 19. Let a = n - s. Let x(i) = -i**3 + 4*i**2 + 6*i - 5. Give x(a).
0
Let j(s) = -s - 7. Let m(f) = f**3 + 18*f**2 + 3*f + 52. Let w be m(-18). What is j(w)?
-5
Let y(i) = -11*i**2 - 14*i + 13. Let s(a) be the second derivative of -5*a**4/12 - 7*a**3/6 + 3*a**2 + 5*a. Let c(n) = -13*s(n) + 6*y(n). Determine c(6).
6
Let d(m) = 27*m**2 - m - 6. Let a(g) = 40*g**2 - 2*g - 8. Let b(c) = 5*a(c) - 7*d(c). Calculate b(1).
10
Let k(j) be the third derivative of j**4/24 - 2*j**3/3 + 3*j**2 + 47. What is k(6)?
2
Let l(i) be the third derivative of i**6/120 - i**5/60 - i**4/8 - 2*i**3/3 - i**2 + 3. Give l(3).
5
Suppose -v = -5*u - 3, 0 = 4*v + 5*u - 21 - 16. Let p(x) = -v*x + 5 + 5*x - 4*x + 5*x. Let z(y) = -y**2 - y + 5. Let j be z(0). Calculate p(j).
-5
Suppose 2*m - m = 3*s + 9, 4*m + 2*s = 8. Let o(j) = -j**3 + j**2 - j. Let p(v) = 5*v**3 - 2*v**2 + 5*v - 4. Let k(b) = -6*o(b) - p(b). What is k(m)?
-2
Let t(a) be the second derivative of a**5/20 + 2*a**4/3 + 4*a**3/3 + a**2 + 7*a + 3. Determine t(-7).
-5
Let r(u) = -u**2 + 6*u - 2. Let d(h) = -h**2 + 6*h - 2. Let o(g) = -4*d(g) + 5*r(g). Give o(3).
7
Let s(m) = 18*m + 99. Let x(y) = -6*y - 35. Let h(d) = 6*s(d) + 17*x(d). Suppose 5*r = 3*u - 5, -r + 0 - 1 = -5*u. What is h(r)?
-7
Let q(y) = y**3 - 5*y**2 + 2*y + 6. Let s be q(4). Let p(u) be the third derivative of -u**5/30 + u**3/6 - 6*u**2. What is p(s)?
-7
Let b(u) be the second derivative of 0 - 1/3*u**3 - 4*u + 0*u**2. Suppose v - 5 = -0. What is b(v)?
-10
Let l = 942 - 942. Let u(i) be the third derivative of i**6/120 - i**5/60 - i**3/3 - 2*i**2. Determine u(l).
-2
Let q(c) = -7*c. Let n = 95 - 93. What is q(n)?
-14
Let n(v) = -3*v**3 - v**2 + v. Let j be n(1). Let p(u) = -4*u**2 + 2. Let r(s) = 7*s**2 - s - 4. Let l(a) = j*r(a) - 5*p(a). Let x be 5/30*6*2*2. Give l(x).
-2
Let k(l) = l + 2. Suppose -29 + 11 = -3*z. Suppose -z = 3*d - 6*d. Suppose 5*m - 5*r = 15, -d*r = -m - 0*r + 6. Calculate k(m).
2
Let a be 6/2*(-2)/(-3). Let n(r) = r**a - 3*r**3 + 0 + 2*r**3 + 3*r + 1. Calculate n(-2).
7
Let n(p) = 7 + 7 + 5*p - 7 + p**3 + 5*p**2 - 1. Determine n(-5).
-19
Let t = 523 + -530. Let p(k) = -k**2 + 0*k - 8*k - k - 9. Give p(t).
5
Let k(y) = -y**2 + 4*y - 5. Let o(d) = -d**2 + 3*d - 5. Let z(t) = -5*k(t) + 4*o(t). Determine z(5).
-10
Let j be 5/25 + (1064/40)/7. Let p(b) be the second derivative of 0 + 15*b - 3/2*b**2 + 2/3*b**3 + 1/12*b**j. Determine p(-4).
-3
Let i = -20 + 8. Let c = 18 + i. Let f be (-5)/(15/c) - -1. Let r(g) = -g**2 + g. Give r(f).
-2
Suppose -3*y + 11 = -k, k - y = -4*y + 13. Let s(m) = 81*m**2 + m - 1. Give s(k).
81
Suppose 5*n - 30 = -n. Let b be (-4*10/(-4))/(7 - n). Let g(r) = r**3 - 4*r**2 - 6*r - 3. Give g(b).
-8
Let y = 17 + -12. Let s(x) = 14 + 4*x - y*x + x + x. What is s(-7)?
7
Let q(s) = 2*s + 7. Let y = 44 - 40. Suppose -7*o + y*o - 15 = 0. What is q(o)?
-3
Let f(g) = -g + 2. Suppose 9 = -5*y + 34. Let o(a) = -a + 2. Let p(u) = y*f(u) - 4*o(u). Determine p(-2).
4
Let m(x) be the second derivative of -x**5/20 - 7*x**4/12 - 4*x**3/3 - x**2 - 88*x. Determine m(-6).
10
Suppose 6*d - 11*d + 5 = 0. Let y(p) = p + d + 16*p**3 - p + 2*p - 23*p**3. Give y(-1).
6
Let s(y) be the first derivative of -5*y**3/3 - 3*y**2/2 + 2*y + 187. What is s(1)?
-6
Let j(l) = -2*l**2 - 5*l + 2. Let q(p) = p**2 - p + 1. Let y(v) = j(v) + 3*q(v). Let i be y(8). Let c(g) = 2 + 11*g + 1 - 13*g. What is c(i)?
-7
Let f(o) = o - 5 + 225*o**3 - 439*o**3 + 215*o**3 - 5*o**2. Determine f(5).
0
Let p(y) = -y**3 + 1387*y**2 + 1389*y**2 - 2773*y**2. Determine p(4).
-16
Suppose 3*t + o = 23 - 9, 5*t + 2*o = 22. Let a(l) = l - 9. Give a(t).
-3
Let c be 1/4 - (-28)/16. Let d(m) = 0*m - 5*m + 2*m + 2 - m**2. Give d(c).
-8
Let j(r) = 17*r**2 + 23*r**2 - 2*r**3 - 2*r + 2 - r**3 - 37*r**2. What is j(2)?
-14
Let h(c) = -c**2 + 7*c - 7. Suppose g - 26 = -4*z, -5*g + 22 = 14*z - 12*z. Calculate h(z).
-1
Let g(t) = t**3 + t**2 - 7*t - 5. Let n be g(-5). Let c = n + 75. Let b(s) = -s + 6. Calculate b(c).
1
Let v(k) = -3*k**3 + 6*k**2 + 6*k - 16. Let b(a) = -a**3 + 3*a**2 + 2*a - 7. Let p(o) = 5*b(o) - 2*v(o). Give p(-2).
5
Let r(k) = -133*k**2 + 3 + k**3 + 2*k - 12 + 250*k**2 - 125*k**2. Let w(g) = -g**3 + g + 8. Let t be w(0). Determine r(t).
7
Suppose 5*d = 0, 3*d - 2 - 34 = 4*s. Let m(g) = g**2 + 11*g + 1. Calculate m(s).
-17
Let l(o) = o**3 + 5*o**2 - 2*o - 6. Suppose -8*g = -9*g + 5. Suppose 3*p + j - 3*j + 21 = 0, -p - g*j = -10. Give l(p).
4
Let k(i) = 5*i. Let p(q) = 9*q - 2. Let v(c) = 7*k(c) - 4*p(c). Give v(6).
2
Let o(g) = g**3 + 7*g**2 + 7*g + 4. Let j(p) = p**2 - 8*p + 6. Let q be j(10). Suppose q*n + 18 = 23*n. What is o(n)?
-2
Let s(f) = -2*f - 13. Let a = -9 - 1. Let q be s(a). Let z = q + -11. Let x(u) = u - 2. Calculate x(z).
-6
Let h(b) be the first derivative of b**2/2 - 7*b + 40. Let d = 5 + -2. Let u be (-3)/d + 7*1. Give h(u).
-1
Let v = 14 - 8. Suppose 3*n - 3 = 3*a, -4*n = -v*n - 3*a + 27. Let r(d) = 3*d + d + 4 - n*d. Give r(3).
-2
Suppose 11 = -4*f + 167. Suppose 19 - f = -5*b. Let w(a) = -a**2 - 2 + a**3 - 3*a - 3*a**2 + 2*a**2. Give w(b).
18
Let q be (3/6 - (-3)/6) + 4. Let i = 1 + q. Let k(b) = -6*b**3 + 10*b**2 + 7*b - 5. Let m(v) = 5*v**3 - 9*v**2 - 7*v + 4. Let z(n) = 4*k(n) + 5*m(n). Give z(i).
-6
Let a(v) = 9*v**2 - 2*v - 2. Suppose 10*t = 11 - 21. Give a(t).
9
Let c(s) be the third derivative of s**5/60 - 7*s**4/24 + s**3/6 + 2*s**2. Let x(o) = o**2 + 18*o + 23. Let d be x(-17). Give c(d).
-5
Suppose v = -3*z - 1 - 8, 4*z + 1 = -5*v. Suppose -4 = -a + v. Let m(t) = 2*t - 3*t + 2*t - a*t - 1. Give m(1).
-7
Let r = 33 - 29. Let o(l) = 3*l**3 + 20*l**2 - 18*l - 3. Let x(f) = -f**3 - 7*f**2 + 6*f + 1. Let j(u) = r*o(u) + 11*x(u). Give j(-4).
7
Let h(p) = -3. Let u(b) = -b - 8. Let o(r) = -5*h(r) + 3*u(r). Let q(m) = 7*m + 19. Let t(v) = 5*o(v) + 2*q(v). Determine t(0).
-7
Let o = 33 - 32. Suppose 2 = -4*b + 14. Let h(k) = -k - 1 - 3*k + 0*k**2 - k**2 + 5*k - 11*k**b. What is h(o)?
-12
Let b(v) be the second derivative of -v**3/6 - v**2 - 19*v. Suppose -2*w = 0, 5*w + 10 = 2*q - 2. Suppose -3*j = -q - 6. Give b(j).
-6
Let b(v) be the first derivative of -3*v**2 - 9*v - 184. Determine b(-6).
27
Let p(f) be the second derivative of -1/120*f**5 - 1/4*f**4 + 0*f**2 + 0 - 5/6*f**3 + 6*f. Let x(z) be the second derivative of p(z). Determine x(-5).
-1
Let v(m) = m - 3*m - m**2 + m - 2. Let t = 201 + -201. Calculate v(t).
-2
Let w(b) = -61*b + 123*b - 58*b + 29. What is w(-9)?
-7
Let v(d) = -d**2 + 4*d + 7. Let p be v(4). Let g(n) = -n**3 + 8*n**2 - 8*n - 5. What is g(p)?
-12
Let x(m) = 3*m + 4. Let u(s) = -23*s + 45. Let v be u(2). Let w(c) = -c - 4 + 4. Let k(p) = v*x(p) - 4*w(p). Give k(5).
1
Let w(a) be the first derivative of a**2/2 + 3*a + 4. Let b = 4 + 0. Suppose 2*d = -2*d - b, -l + 8 = -3*d. What is w(l)?
8
Let a(h) = -3*h**3 + h**2 + h + 1. Let t(q) = 28*q + 49. Let p(j) = 5*j + 8. Let r(y) = -34*p(y) + 6*t(y). Let k be r(10). Calculate a(k).
-17
Suppose 0 = -4*g - g + 15, 4 = -2*j + 2*g. Let c(p) = p - 66. Let s(f) = -12*f + 726. Let o(i) = 11*c(i) + s(i). What is o(j)?
-1
Let v = 236 - 123. Let j = 101 - v. Let q(r) = r**3 + 12*r**2 + r + 16. Calculate q(j).
4
Let f be (1/(-2))/(-1)*(-1 + -7). Let t(g) = -g + 3. What is t(f)?
7
Let p = 1 - -1. Suppose 6*h = 6*h - 8*h. Let w(f) = h*f + p*f + 0*f - 6. What is w(4)?
2
Suppose 2*x - 11 = -14*v + 9*v, -x = -v + 5. Let b(f) be the third derivative of f**6/120 + f**5/15 + f**4/12 - f**3/3 - 4*f**2. Give b(x).
2
Let h(p) = 3*p + 1. Let t(r) = -4*r - 1. Let d = -5 + -2. Let u(g) = 2*g - 6. Let o be u(0). Let i(m) = d*h(m) + o*t(m). Determine i(-2).
-7
Let j(d) = -12827 - d + 7*d**2 + 3*d**3 + 4*d + 12832 - 2*d**3. Give j(-6).
23
Suppose 21 = 4*j + 13. Let g(q) = 24*q - q**j - 13*q - 13*q - 1. Give g(2).
-9
Let s(i) = -i**3 + 7*i**2 + 9*i + 2. Let c be s(8). Let f(w) be the first derivative of -4 + 3 - 6*w**2 + w + c. Calculate f(1).
-11
Let r = -257 - -259. Let z(o) = 2*o**3 + o**2 - o + 3. Let f(y) = -y**3 - y**2 + y - 2. Let b(t) = 3*f(t) + 2*z(t). What is b(r)?
6
Suppose 10*m = -11*m. Let j(g) = -g**2 + 2*g + 8. What is j(m)?
8
Let o